{"id":2767,"date":"2015-11-29T00:00:43","date_gmt":"2015-11-29T02:00:43","guid":{"rendered":"https:\/\/missatridentinaemuberlandia.wordpress.com\/?page_id=2767"},"modified":"2024-12-09T22:41:48","modified_gmt":"2024-12-10T01:41:48","slug":"a-mantenedora","status":"publish","type":"page","link":"https:\/\/colegiosantotomasuberlandia.org\/?page_id=2767","title":{"rendered":"A Mantenedora"},"content":{"rendered":"<h1>A Mantenedora<\/h1>\n<p style=\"text-align: justify;\">Saiba um pouco mais sobre a Irmandade Nossa Senhora do Carmo, entidade \u00e0 frente do Projeto do Col\u00e9gio Santo Tom\u00e1s de Aquino:<!--more--><\/p>\n<figure id=\"attachment_6895\" aria-describedby=\"caption-attachment-6895\" style=\"width: 196px\" class=\"wp-caption aligncenter\"><img loading=\"lazy\" decoding=\"async\" class=\"wp-image-6895\" src=\"http:\/\/colegiosantotomasuberlandia.org\/wp-content\/uploads\/2018\/02\/brasc3a3o-3-original.png\" alt=\"\" width=\"196\" height=\"244\" \/><figcaption id=\"caption-attachment-6895\" class=\"wp-caption-text\"><span style=\"color: #000000;\">Bras\u00e3o da Irmandade<\/span><\/figcaption><\/figure>\n<p style=\"margin: 0 0 6pt; text-align: justify;\"><span style=\"color: #000000;\">A Irmandade Nossa Senhora do Carmo, simplesmente chamada por Irmandade do Carmo, \u00e9 uma associa\u00e7\u00e3o de fi\u00e9is leigos Cat\u00f3licos, unidos pelos v\u00ednculos da fraternidade evang\u00e9lica.<\/span><\/p>\n<p style=\"margin: 0 0 6pt; text-align: justify;\"><span style=\"color: #000000;\">Ela tem por finalidade:<\/span><\/p>\n<p style=\"text-align: justify;\"><span style=\"color: #000000;\"><strong>I<\/strong> \u2013 praticar o culto Cat\u00f3lico, segundo o rito, o modo e a norma da Liturgia tradicional da Santa Igreja Romana, M\u00e3e e Mestra de todas as Igrejas, conforme estabelecido na Bula <em>Quo Primum Tempore<\/em> do Papa S\u00e3o Pio V e no <em>Motu Proprio Summorum Pontificum<\/em> do Santo Padre o Papa Bento XVI.<\/span><\/p>\n<p style=\"text-align: justify;\"><span style=\"color: #000000;\"><strong>II<\/strong> \u2013 celebrar os Sacramentos, em especial a Eucaristia, no Rito Tridentino, por sacerdotes cat\u00f3licos que sirvam \u00e0 associa\u00e7\u00e3o;<\/span><\/p>\n<p style=\"text-align: justify;\"><span style=\"color: #000000;\"><strong>III<\/strong> \u2013 ministrar o Catecismo Romano, conforme a doutrina cat\u00f3lica, testemunhada ou iluminada pela Sagrada Escritura, pela Tradi\u00e7\u00e3o Apost\u00f3lica e pelo Magist\u00e9rio da Santa Igreja Romana, a fim de instruir a f\u00e9 dos fi\u00e9is e prepar\u00e1-los para os Sacramentos;<\/span><\/p>\n<p style=\"text-align: justify;\"><span style=\"color: #000000;\"><strong>IV<\/strong> \u2013 transmitir e levar ao conhecimento de todos os crist\u00e3os os documentos eclesiais, tornando conhecido o Magist\u00e9rio da Igreja de Nosso Senhor Jesus Cristo;<\/span><\/p>\n<p style=\"text-align: justify;\"><span style=\"color: #000000;\"><strong>V<\/strong> \u2013 recitar o Ros\u00e1rio todos os dias, em zelo aos pedidos da Sant\u00edssima Virgem Maria;<\/span><\/p>\n<p style=\"text-align: justify;\"><span style=\"color: #000000;\"><strong>VI<\/strong> \u2013 oferecer e promover ora\u00e7\u00f5es e sacrif\u00edcios, como ato de repara\u00e7\u00e3o e peti\u00e7\u00e3o a Deus pela convers\u00e3o e santifica\u00e7\u00e3o dos pecadores, em especial dos bispos, cardeais e sacerdotes;<\/span><\/p>\n<p style=\"text-align: justify;\"><span style=\"color: #000000;\"><strong>VII<\/strong> \u2013 promover a assist\u00eancia social a fam\u00edlias carentes e outras pr\u00e1ticas de caridade, conforme programa estabelecido pela Diretoria;<\/span><\/p>\n<p style=\"text-align: justify;\"><span style=\"color: #000000;\"><strong>VIII<\/strong> \u2013 <em><strong>administrar uma escola de ensino fundamental precedida de classes de alfabetiza\u00e7\u00e3o para os filhos dos associados e um Centro de Cultivo do Pensamento Aristot\u00e9lico-Tomista e outras correntes da filosofia Cat\u00f3lica, com vista a melhor promo\u00e7\u00e3o e compreens\u00e3o da sociedade em que vivemos, o que ser\u00e1 feito tamb\u00e9m com a ministra\u00e7\u00e3o de cursos.<\/strong><\/em><\/span><\/p>\n<p style=\"text-align: justify;\"><span style=\"color: #000000;\"><strong>IX\u00a0<\/strong>\u2013\u00a0<em><strong>Estabelecer, manter e administrar, tamb\u00e9m, institui\u00e7\u00f5es privadas de ensino m\u00e9dio, superior ou t\u00e9cnico, nos termos da Lei 9.394\/96 (Lei de Diretrizes e Bases da Educa\u00e7\u00e3o Nacional) e em conformidade com a f\u00e9 e a moral cat\u00f3licas.\u00a0<\/strong><\/em><\/span><\/p>\n<p style=\"text-align: justify;\"><span style=\"color: #000000;\"><em>(Trechos do Estatuto da Irmandade)<\/em><\/span><\/p>\n","protected":false},"excerpt":{"rendered":"<p>A Mantenedora Saiba um pouco mais sobre a Irmandade Nossa Senhora do Carmo, entidade \u00e0 frente do Projeto do Col\u00e9gio [&hellip;]<\/p>\n","protected":false},"author":2,"featured_media":8906,"parent":0,"menu_order":0,"comment_status":"closed","ping_status":"closed","template":"","meta":{"_editorskit_title_hidden":false,"_editorskit_reading_time":0,"_editorskit_is_block_options_detached":false,"_editorskit_block_options_position":"{}","_uag_custom_page_level_css":"","site-sidebar-layout":"default","site-content-layout":"","ast-site-content-layout":"","site-content-style":"default","site-sidebar-style":"default","ast-global-header-display":"","ast-banner-title-visibility":"","ast-main-header-display":"","ast-hfb-above-header-display":"","ast-hfb-below-header-display":"","ast-hfb-mobile-header-display":"","site-post-title":"","ast-breadcrumbs-content":"","ast-featured-img":"","footer-sml-layout":"","theme-transparent-header-meta":"","adv-header-id-meta":"","stick-header-meta":"","header-above-stick-meta":"","header-main-stick-meta":"","header-below-stick-meta":"","astra-migrate-meta-layouts":"default","ast-page-background-enabled":"default","ast-page-background-meta":{"desktop":{"background-color":"var(--ast-global-color-4)","background-image":"","background-repeat":"repeat","background-position":"center center","background-size":"auto","background-attachment":"scroll","background-type":"","background-media":"","overlay-type":"","overlay-color":"","overlay-gradient":""},"tablet":{"background-color":"","background-image":"","background-repeat":"repeat","background-position":"center center","background-size":"auto","background-attachment":"scroll","background-type":"","background-media":"","overlay-type":"","overlay-color":"","overlay-gradient":""},"mobile":{"background-color":"","background-image":"","background-repeat":"repeat","background-position":"center center","background-size":"auto","background-attachment":"scroll","background-type":"","background-media":"","overlay-type":"","overlay-color":"","overlay-gradient":""}},"ast-content-background-meta":{"desktop":{"background-color":"var(--ast-global-color-5)","background-image":"","background-repeat":"repeat","background-position":"center center","background-size":"auto","background-attachment":"scroll","background-type":"","background-media":"","overlay-type":"","overlay-color":"","overlay-gradient":""},"tablet":{"background-color":"var(--ast-global-color-5)","background-image":"","background-repeat":"repeat","background-position":"center center","background-size":"auto","background-attachment":"scroll","background-type":"","background-media":"","overlay-type":"","overlay-color":"","overlay-gradient":""},"mobile":{"background-color":"var(--ast-global-color-5)","background-image":"","background-repeat":"repeat","background-position":"center center","background-size":"auto","background-attachment":"scroll","background-type":"","background-media":"","overlay-type":"","overlay-color":"","overlay-gradient":""}},"footnotes":""},"class_list":["post-2767","page","type-page","status-publish","has-post-thumbnail","hentry"],"aioseo_notices":[],"uagb_featured_image_src":{"full":false,"thumbnail":false,"medium":false,"medium_large":false,"large":false,"1536x1536":false,"2048x2048":false},"uagb_author_info":{"display_name":"Colegio Santo Tomas","author_link":"https:\/\/colegiosantotomasuberlandia.org\/?author=2"},"uagb_comment_info":0,"uagb_excerpt":"A Mantenedora Saiba um pouco mais sobre a Irmandade Nossa Senhora do Carmo, entidade \u00e0 frente do Projeto do Col\u00e9gio [&hellip;]","_links":{"self":[{"href":"https:\/\/colegiosantotomasuberlandia.org\/index.php?rest_route=\/wp\/v2\/pages\/2767","targetHints":{"allow":["GET"]}}],"collection":[{"href":"https:\/\/colegiosantotomasuberlandia.org\/index.php?rest_route=\/wp\/v2\/pages"}],"about":[{"href":"https:\/\/colegiosantotomasuberlandia.org\/index.php?rest_route=\/wp\/v2\/types\/page"}],"author":[{"embeddable":true,"href":"https:\/\/colegiosantotomasuberlandia.org\/index.php?rest_route=\/wp\/v2\/users\/2"}],"replies":[{"embeddable":true,"href":"https:\/\/colegiosantotomasuberlandia.org\/index.php?rest_route=%2Fwp%2Fv2%2Fcomments&post=2767"}],"version-history":[{"count":1,"href":"https:\/\/colegiosantotomasuberlandia.org\/index.php?rest_route=\/wp\/v2\/pages\/2767\/revisions"}],"predecessor-version":[{"id":9502,"href":"https:\/\/colegiosantotomasuberlandia.org\/index.php?rest_route=\/wp\/v2\/pages\/2767\/revisions\/9502"}],"wp:featuredmedia":[{"embeddable":true,"href":"https:\/\/colegiosantotomasuberlandia.org\/index.php?rest_route=\/"}],"wp:attachment":[{"href":"https:\/\/colegiosantotomasuberlandia.org\/index.php?rest_route=%2Fwp%2Fv2%2Fmedia&parent=2767"}],"curies":[{"name":"wp","href":"https:\/\/api.w.org\/{rel}","templated":true}]}}

<h1>A Mantenedora</h1>
<p style="text-align: justify;">Saiba um pouco mais sobre a Irmandade Nossa Senhora do Carmo, entidade à frente do Projeto do Colégio Santo Tomás de Aquino:<!--more--></p>
<figure id="attachment_6895" aria-describedby="caption-attachment-6895" style="width: 196px" class="wp-caption aligncenter"><img loading="lazy" decoding="async" class="wp-image-6895" src="http://colegiosantotomasuberlandia.org/wp-content/uploads/2018/02/brasc3a3o-3-original.png" alt="" width="196" height="244" /><figcaption id="caption-attachment-6895" class="wp-caption-text"><span style="color: #000000;">Brasão da Irmandade</span></figcaption></figure>
<p style="margin: 0 0 6pt; text-align: justify;"><span style="color: #000000;">A Irmandade Nossa Senhora do Carmo, simplesmente chamada por Irmandade do Carmo, é uma associação de fiéis leigos Católicos, unidos pelos vínculos da fraternidade evangélica.</span></p>
<p style="margin: 0 0 6pt; text-align: justify;"><span style="color: #000000;">Ela tem por finalidade:</span></p>
<p style="text-align: justify;"><span style="color: #000000;"><strong>I</strong> – praticar o culto Católico, segundo o rito, o modo e a norma da Liturgia tradicional da Santa Igreja Romana, Mãe e Mestra de todas as Igrejas, conforme estabelecido na Bula <em>Quo Primum Tempore</em> do Papa São Pio V e no <em>Motu Proprio Summorum Pontificum</em> do Santo Padre o Papa Bento XVI.</span></p>
<p style="text-align: justify;"><span style="color: #000000;"><strong>II</strong> – celebrar os Sacramentos, em especial a Eucaristia, no Rito Tridentino, por sacerdotes católicos que sirvam à associação;</span></p>
<p style="text-align: justify;"><span style="color: #000000;"><strong>III</strong> – ministrar o Catecismo Romano, conforme a doutrina católica, testemunhada ou iluminada pela Sagrada Escritura, pela Tradição Apostólica e pelo Magistério da Santa Igreja Romana, a fim de instruir a fé dos fiéis e prepará-los para os Sacramentos;</span></p>
<p style="text-align: justify;"><span style="color: #000000;"><strong>IV</strong> – transmitir e levar ao conhecimento de todos os cristãos os documentos eclesiais, tornando conhecido o Magistério da Igreja de Nosso Senhor Jesus Cristo;</span></p>
<p style="text-align: justify;"><span style="color: #000000;"><strong>V</strong> – recitar o Rosário todos os dias, em zelo aos pedidos da Santíssima Virgem Maria;</span></p>
<p style="text-align: justify;"><span style="color: #000000;"><strong>VI</strong> – oferecer e promover orações e sacrifícios, como ato de reparação e petição a Deus pela conversão e santificação dos pecadores, em especial dos bispos, cardeais e sacerdotes;</span></p>
<p style="text-align: justify;"><span style="color: #000000;"><strong>VII</strong> – promover a assistência social a famílias carentes e outras práticas de caridade, conforme programa estabelecido pela Diretoria;</span></p>
<p style="text-align: justify;"><span style="color: #000000;"><strong>VIII</strong> – <em><strong>administrar uma escola de ensino fundamental precedida de classes de alfabetização para os filhos dos associados e um Centro de Cultivo do Pensamento Aristotélico-Tomista e outras correntes da filosofia Católica, com vista a melhor promoção e compreensão da sociedade em que vivemos, o que será feito também com a ministração de cursos.</strong></em></span></p>
<p style="text-align: justify;"><span style="color: #000000;"><strong>IX </strong>– <em><strong>Estabelecer, manter e administrar, também, instituições privadas de ensino médio, superior ou técnico, nos termos da Lei 9.394/96 (Lei de Diretrizes e Bases da Educação Nacional) e em conformidade com a fé e a moral católicas. </strong></em></span></p>
<p style="text-align: justify;"><span style="color: #000000;"><em>(Trechos do Estatuto da Irmandade)</em></span></p>

<p>A Mantenedora Saiba um pouco mais sobre a Irmandade Nossa Senhora do Carmo, entidade à frente do Projeto do Colégio [&hellip;]</p>

A Mantenedora Saiba um pouco mais sobre a Irmandade Nossa Senhora do Carmo, entidade à frente do Projeto do Colégio [&hellip;]
